{"id":22,"date":"2025-11-12T09:38:23","date_gmt":"2025-11-12T09:38:23","guid":{"rendered":"https:\/\/herschel.co.at\/?page_id=22"},"modified":"2025-11-13T10:44:29","modified_gmt":"2025-11-13T10:44:29","slug":"impressum","status":"publish","type":"page","link":"https:\/\/herschel.co.at\/?page_id=22","title":{"rendered":"Impressum"},"content":{"rendered":"\n<p>Mag. Stephan Herschel MA<br>Einzelunternehmer<\/p>\n\n\n\n<p>Gmundner Stra\u00dfe 76 NG3<br>A-4840 V\u00f6cklabruck<br>Telefon +43 699 102 92 686<br>E-Mail office(at)herschel.co.at<br><br>Verantwortlich f\u00fcr den Inhalt ist: Mag. Stephan Herschel MA<\/p>\n\n\n\n<p>Unternehmensgegenstand: IT-Dienstleister<\/p>\n\n\n\n<p>Zust\u00e4ndige Aufsichtsbeh\u00f6rde: Bezirkshauptmannschaft V\u00f6cklabruck<br>Zust\u00e4ndige Kammer: Wirtschaftkammer Ober\u00f6sterreich<\/p>\n\n\n\n<p>&#8212;-<\/p>\n\n\n\n<p>Dank an <a href=\"https:\/\/Artina-Design.at\">Artina-Design.at<\/a> f\u00fcr die Portr\u00e4tzeichnung.<\/p>\n\n\n\n<p><\/p>\n","protected":false},"excerpt":{"rendered":"<p>Mag. Stephan Herschel MAEinzelunternehmer Gmundner Stra\u00dfe 76 NG3A-4840 V\u00f6cklabruckTelefon +43 699 102 92 686E-Mail office(at)herschel.co.at Verantwortlich f\u00fcr den Inhalt ist: Mag. Stephan Herschel MA Unternehmensgegenstand: IT-Dienstleister Zust\u00e4ndige Aufsichtsbeh\u00f6rde: Bezirkshauptmannschaft V\u00f6cklabruckZust\u00e4ndige Kammer: Wirtschaftkammer Ober\u00f6sterreich &#8212;- Dank an Artina-Design.at f\u00fcr die Portr\u00e4tzeichnung.<\/p>\n","protected":false},"author":1,"featured_media":0,"parent":0,"menu_order":0,"comment_status":"closed","ping_status":"closed","template":"","meta":{"footnotes":""},"class_list":["post-22","page","type-page","status-publish","hentry"],"_links":{"self":[{"href":"https:\/\/herschel.co.at\/index.php?rest_route=\/wp\/v2\/pages\/22","targetHints":{"allow":["GET"]}}],"collection":[{"href":"https:\/\/herschel.co.at\/index.php?rest_route=\/wp\/v2\/pages"}],"about":[{"href":"https:\/\/herschel.co.at\/index.php?rest_route=\/wp\/v2\/types\/page"}],"author":[{"embeddable":true,"href":"https:\/\/herschel.co.at\/index.php?rest_route=\/wp\/v2\/users\/1"}],"replies":[{"embeddable":true,"href":"https:\/\/herschel.co.at\/index.php?rest_route=%2Fwp%2Fv2%2Fcomments&post=22"}],"version-history":[{"count":6,"href":"https:\/\/herschel.co.at\/index.php?rest_route=\/wp\/v2\/pages\/22\/revisions"}],"predecessor-version":[{"id":31,"href":"https:\/\/herschel.co.at\/index.php?rest_route=\/wp\/v2\/pages\/22\/revisions\/31"}],"wp:attachment":[{"href":"https:\/\/herschel.co.at\/index.php?rest_route=%2Fwp%2Fv2%2Fmedia&parent=22"}],"curies":[{"name":"wp","href":"https:\/\/api.w.org\/{rel}","templated":true}]}}